 19 = 5*l, 0 = -5*l - 20. Suppose -3*b + 2*b + y = 0. What is the highest common divisor of 10 and b?
1
Let v(l) = -l**2 + 4*l + 5. Let y be v(6). Let n = y + 2. Let f(a) = -a**3 - 4*a**2 + 2*a - 5. Let m be f(n). Calculate the highest common factor of m and 15.
5
Suppose -r - 4*k = -275, 0*k - 2*k = -r + 281. Calculate the highest common factor of 31 and r.
31
Suppose 25 = 3*b + 2*b. Let u(f) = 2 + 4*f**2 - 3*f**2 + 0*f - 2*f. Let p be u(2). What is the greatest common factor of p and b?
1
Let j(h) = -h**2 - 8*h - 3. Let v be j(-5). Suppose -3*d + v = -39. Let a = 1 + 16. Calculate the greatest common factor of a and d.
17
Let b(h) = -2*h + 29. Let o be b(-13). What is the greatest common factor of o and 22?
11
Suppose 2*k = -2*k + 72. Calculate the highest common factor of 54 and k.
18
Let r(i) = i**3 + 3*i**2. Let j be r(-2). Suppose g = -o + 6*g + 24, -3*o = j*g + 4. Suppose -o*n + 23 = -41. What is the greatest common factor of n and 176?
16
Let r be 2*1/(4/10). Suppose -r*t - 160 = -10*t. Calculate the greatest common divisor of t and 8.
8
Let y(x) = 3*x**3 - 3*x**2 - x + 2. Let i be y(2). What is the highest common factor of 60 and i?
12
Suppose 3*o + 141 = -3*y + 369, 172 = 2*y - 3*o. What is the greatest common divisor of y and 48?
16
Let h = -13 - -34. Suppose 4 = y - h. Calculate the highest common factor of 5 and y.
5
Let u be 2/7 + 2021/7. Let s = -36 + u. Calculate the greatest common divisor of 23 and s.
23
Let o(m) = -2*m**3 - 4*m**2 - 3*m. Let z be o(-2). Calculate the greatest common divisor of z and 30.
6
Suppose 2*p - 254 = -5*f + 201, -5*f = 5*p - 1115. What is the highest common divisor of p and 20?
20
Suppose 0*i + 36 = i. Calculate the highest common divisor of i and 24.
12
Suppose 0*u + 5*v + 9 = -u, 4*u = 4*v - 12. Let c = 22 + -16. Let k be (u/c)/(12/(-882)). Calculate the greatest common factor of 7 and k.
7
Let u = 10 - 3. Calculate the greatest common divisor of 77 and u.
7
Let m = 15 - 0. Suppose -5 = -4*y + m. Let g be (-3)/12 - (-164)/16. What is the greatest common divisor of g and y?
5
Suppose -49 = -2*d - 3*k, 3*d = 2*k + 39 + 2. Suppose 2*z = -3*b - d, 4*b + 2*z + 9 = -13. Let v = 11 + b. Calculate the highest common divisor of v and 6.
6
Suppose -4*y + 28 - 4 = 0. Suppose i = 5*w - 9, 4*i + 2 = 2*w + 38. Let g = 17 - i. What is the highest common factor of y and g?
6
Let j be ((-2)/(-2))/(1/(-3)). Let q(z) = z**3 + 5*z**2 + 2*z + 1. Let u be q(j). Calculate the highest common factor of u and 26.
13
Suppose d - 19 = -2. Suppose -2*j - d + 89 = 0. Calculate the highest common divisor of 18 and j.
18
Let h(u) = -u**3 + 4*u**2 + 2*u - 5. Let a be h(3). Let f be 4/6 + (-146)/(-6). What is the highest common factor of a and f?
5
Let l = 0 + 6. Calculate the highest common factor of l and 48.
6
Let a(p) = p + 3. Let w be a(-3). Let f be 1 - -15 - w/(-1). Calculate the highest common factor of 24 and f.
8
Let w be 3/(-12) + (-34)/(-8). What is the greatest common factor of 1 and w?
1
Let m = 8 + -5. Suppose 0 = 3*p + m*j - 231, 2*p - p + 4*j = 80. Suppose 158 = 2*r - p. Calculate the highest common divisor of 13 and r.
13
Suppose -z + 37 = 5*u, 25 = -2*u + 5*u + 2*z. Calculate the greatest common divisor of 63 and u.
7
Suppose -b = b - 10. Suppose 2 = -b*n + 3*f + 104, 0 = -2*f + 2. Calculate the greatest common divisor of 7 and n.
7
Suppose 5*f - 24 = 2*f. Suppose -10*g + 92 = -f*g. Calculate the highest common factor of 115 and g.
23
Suppose 4 = -2*z + 24. What is the highest common divisor of z and 30?
10
Suppose -65 - 16 = -t. Suppose 0 = -g - 33 + t. What is the highest common divisor of g and 72?
24
Let s = 79 + -43. What is the highest common divisor of s and 9?
9
Suppose -r + 1 = -4. Suppose -x + 0*a = a + 3, -x - r*a = 19. Let y be 95/15 + x/(-3). Calculate the greatest common factor of 30 and y.
6
Suppose 0 = 2*x - 5*p + p - 74, 4*x + p - 130 = 0. What is the greatest common factor of 231 and x?
33
Suppose 5*g = -48 + 133. What is the highest common factor of g and 187?
17
Suppose l + 5 - 10 = 0. Suppose l = 3*p + 2. Let m(o) = 2*o**3 - 2*o**2 + 2*o - 1. Let i be m(p). Calculate the highest common factor of 5 and i.
1
Let s(g) = -2*g + 16*g**2 + 1 + 3 + 4*g. Let p be s(3). Calculate the greatest common factor of 14 and p.
14
Suppose -a = 4*x - 126, -3*a - 2*x - 32 = -380. Calculate the highest common factor of 19 and a.
19
Suppose 0 = a + 8 - 152. What is the greatest common factor of 16 and a?
16
Suppose 836 = 4*o - 2*l - 2*l, -3*o + 629 = -2*l. Let s = -120 + o. What is the highest common factor of s and 13?
13
Let y(d) = d + 24. Let o be y(-3). Calculate the greatest common divisor of 63 and o.
21
Suppose -4*t + 0 + 20 = 0. Let i be 19 - (-4 + 4 + 4). What is the greatest common factor of i and t?
5
Suppose -2*d - 46 = -2*w + 2*d, 2*d + 38 = 2*w. What is the greatest common divisor of w and 10?
5
Suppose 3*o + 0*o - 5*p = 403, 5*p - 227 = -2*o. Let k be ((-18)/(-5))/((-1)/(-5)). Calculate the highest common factor of k and o.
18
Let o be (-6)/(-39) + (-4215)/(-65). What is the highest common factor of o and 13?
13
Suppose -2*r + 74 = 4*y, 0 = 2*y - y + 2*r - 17. Calculate the greatest common factor of y and 19.
19
Suppose 26*z - 22*z - 108 = 0. What is the highest common factor of z and 3?
3
Suppose -x + 54 = x. Let c(v) = v + 3. Suppose 0 = -3*f - 0*f. Let q be c(f). What is the highest common factor of x and q?
3
Let b = -24 + 56. Calculate the greatest common divisor of 16 and b.
16
Suppose 0*p + 2*x = -4*p + 36, 4*x = -2*p + 18. Let i = 239 - 140. What is the highest common divisor of i and p?
9
Suppose -38 = -3*z + 22. What is the greatest common factor of 2 and z?
2
Let x(t) = -t + 14. Let l be x(0). Let f be (l/(-5))/(1/(-5)). What is the highest common divisor of f and 2?
2
Let j = -3 - -6. Let f(h) = h - 3. Let v be f(4). Let p be (-534)/(-18) + v/j. What is the highest common divisor of p and 6?
6
Let v be (-117)/(-4 - -3)*(-1)/(-1). Calculate the highest common divisor of v and 39.
39
Let b be (104/(-78))/(1/(-48)). Calculate the greatest common divisor of 32 and b.
32
Let h(s) = -13*s - 7. Let v be h(-5). Calculate the greatest common divisor of v and 29.
29
Let u be 2*(1 + (-2 - -3)). Suppose 5 = -2*z - 3*z, -u*p + 81 = -z. Calculate the highest common factor of 220 and p.
20
Let d be 10*5/(75/18). Let r(n) = 14 - 9*n + 3*n**2 - n**2 - n**2. Let u be r(10). What is the greatest common factor of u and d?
12
Suppose -3*v - 12 = -4*v. Suppose v = 3*z - 0*z. Let n(o) = o + 9. Let i be n(-7). What is the greatest common divisor of i and z?
2
Let k = -30 - -45. Suppose -2*g + 84 = -156. What is the highest common divisor of k and g?
15
Let k(d) = -6*d - 3. Let c be k(-6). Let h = -1 + c. What is the greatest common factor of 16 and h?
16
Suppose -4*h - 36 = -232. Suppose 7*l - 3*l - h = -3*t, 0 = -4*t - l + 48. What is the highest common factor of t and 33?
11
Suppose 2*f - 5*f = -129. Let n = 28 - f. Let p = n - -28. Calculate the greatest common divisor of 117 and p.
13
Suppose 0*s = -4*s + 16. What is the highest common factor of s and 2?
2
Suppose 5*t - 4 = 16. Suppose 5*o - t*j + 2*j = 340, 0 = 2*o + 3*j - 155. Calculate the highest common factor of o and 10.
10
Let t be (-2)/2*(-4 - 3). Let f be 2/3 - t/(-21). What is the highest common factor of 1 and f?
1
Let f(l) = l**3 - l**2 - 7*l - 8. Let b be f(6). Suppose -1 - 7 = a. Let p = a + 21. Calculate the highest common factor of b and p.
13
Let h be 24 - (-5 - -2 - -3). Let j be 832/h*(-3)/2. Let k = j + 151. What is the highest common factor of k and 9?
9
Suppose 5*h + 4 - 1 = -k, 4*k - 2*h - 32 = 0. Suppose -28 = -k*n + 28. Calculate the greatest common divisor of 32 and n.
8
Suppose -3*n - 2*x + 11 + 35 = 0, -60 = -4*n - 4*x. What is the greatest common divisor of 176 and n?
16
Let d = -32 - -80. What is the greatest common factor of d and 128?
16
Let p be (127/(-1))/(-1) + 1. Suppose 7*u - p = 3*u. Suppose -2*l + 0*l + u = 0. Calculate the highest common divisor of l and 40.
8
Suppose -2*f - 97 = -429. Suppose s + 3*g = 49, -4*s - 3*g + g = -f. What is the greatest common divisor of s and 8?
8
Let u(t) = -8*t + 1. Let i be u(-1). Let o = i + -16. Let p = o + 11. Calculate the highest common factor of p and 1.
1
Let o(y) = 10*y**3